{"id":2346,"date":"2025-03-31T08:42:14","date_gmt":"2025-03-31T05:42:14","guid":{"rendered":"https:\/\/box7.mynrgo.com\/?post_type=product&#038;p=2346"},"modified":"2025-03-31T15:03:57","modified_gmt":"2025-03-31T12:03:57","slug":"container-40ft-hc-12m","status":"publish","type":"product","link":"https:\/\/box7.mynrgo.com\/?product=container-40ft-hc-12m","title":{"rendered":"CONTAINER 20Ft (6m)"},"content":{"rendered":"<p>Containerul va fi construit cu cadre din o\u021bel, p\u0103r\u021bi laterale \u0219i perete frontal din o\u021bel ondulat complet, u\u0219i duble din o\u021bel ondulat orizontal la cap\u0103tul din spate, acoperi\u0219 din o\u021bel \u0219tan\u021bat \u0219i accesorii de col\u021b.<\/p>\n<p>Cadrul din spate va fi compus dintr-un prag de u\u0219\u0103, doi st\u00e2lpi de col\u021b, un antet de u\u0219\u0103 \u0219i patru accesorii de col\u021b, care vor fi sudate \u00eempreun\u0103 pentru a face u\u0219a. Fiecare container va avea u\u0219i cu arip\u0103 dubl\u0103 \u00een cadrul din spate, iar fiecare u\u0219\u0103 va fi capabil\u0103 s\u0103 se balanseze cu aproximativ 270 de grade.<\/p>\n","protected":false},"excerpt":{"rendered":"<p>Containerul va fi construit cu cadre din o\u021bel, p\u0103r\u021bi laterale \u0219i perete frontal din o\u021bel ondulat complet, u\u0219i duble din o\u021bel ondulat orizontal la cap\u0103tul din spate, acoperi\u0219 din o\u021bel \u0219tan\u021bat \u0219i accesorii de col\u021b.<\/p>\n","protected":false},"featured_media":2235,"comment_status":"open","ping_status":"closed","template":"","meta":{"_acf_changed":false},"product_brand":[],"product_cat":[18],"product_tag":[],"class_list":{"0":"post-2346","1":"product","2":"type-product","3":"status-publish","4":"has-post-thumbnail","6":"product_cat-containere-noi","8":"first","9":"instock","10":"shipping-taxable","11":"purchasable","12":"product-type-simple"},"acf":[],"_links":{"self":[{"href":"https:\/\/box7.mynrgo.com\/index.php?rest_route=\/wp\/v2\/product\/2346","targetHints":{"allow":["GET"]}}],"collection":[{"href":"https:\/\/box7.mynrgo.com\/index.php?rest_route=\/wp\/v2\/product"}],"about":[{"href":"https:\/\/box7.mynrgo.com\/index.php?rest_route=\/wp\/v2\/types\/product"}],"replies":[{"embeddable":true,"href":"https:\/\/box7.mynrgo.com\/index.php?rest_route=%2Fwp%2Fv2%2Fcomments&post=2346"}],"wp:featuredmedia":[{"embeddable":true,"href":"https:\/\/box7.mynrgo.com\/index.php?rest_route=\/wp\/v2\/media\/2235"}],"wp:attachment":[{"href":"https:\/\/box7.mynrgo.com\/index.php?rest_route=%2Fwp%2Fv2%2Fmedia&parent=2346"}],"wp:term":[{"taxonomy":"product_brand","embeddable":true,"href":"https:\/\/box7.mynrgo.com\/index.php?rest_route=%2Fwp%2Fv2%2Fproduct_brand&post=2346"},{"taxonomy":"product_cat","embeddable":true,"href":"https:\/\/box7.mynrgo.com\/index.php?rest_route=%2Fwp%2Fv2%2Fproduct_cat&post=2346"},{"taxonomy":"product_tag","embeddable":true,"href":"https:\/\/box7.mynrgo.com\/index.php?rest_route=%2Fwp%2Fv2%2Fproduct_tag&post=2346"}],"curies":[{"name":"wp","href":"https:\/\/api.w.org\/{rel}","templated":true}]}}